e -q + 4*v + 4 = -0*v, 0 = -5*q + 3*v + 54. Let g(x) be the third derivative of -x**5/60 + 7*x**4/12 - 3*x**3/2 + 537*x**2 + 3*x. Give g(q).
15
Let j(b) = b**2 - b + 107. Let n be j(0). Suppose -4*s + 116 = 2*u - 2*s, -s = -2*u + n. Suppose 37 - u = -3*d. Let k(r) = -r**2 + 6*r + 4. What is k(d)?
4
Let c(a) = a**2 - 7*a + 22. Suppose 2*y = -u, -4*u + 9*y + 17 + 51 = 0. Give c(u).
30
Let n(d) be the first derivative of d**6/120 + d**5/6 - 5*d**4/12 - d**3/3 + 4*d**2 - 149. Let m(j) be the second derivative of n(j). Determine m(-11).
-13
Let i(o) = -8*o + 9. Let b(l) = -23*l - 18. Let y be b(-1). Let t(v) = -3*v + 5. Let f(p) = y*t(p) - 2*i(p). Calculate f(-6).
1
Let c(g) = 3*g - 29. Let v = 12561 - 12541. Determine c(v).
31
Let x(f) = 25*f**2 + f**3 - 5*f**2 - 17*f**2 - 6*f - 7. Let p be x(-4). Let a(j) = -2*j**3 + 2*j - 1. Determine a(p).
-1
Let h(l) = l + 14 + 12 - 7*l + 8*l + 4. Determine h(-19).
-8
Let r(d) be the third derivative of -d**5/60 + d**4/4 + 4*d**3 - 2*d**2 - 7. Let k be r(8). Let g(j) = -j**3 + 8*j**2 - 2*j + 9. What is g(k)?
-7
Let d(k) be the second derivative of -k**5/20 + 7*k**4/6 + 8*k**3/3 - 4*k**2 + 8964*k. Suppose -45 = -6*p + 3*p. Give d(p).
7
Let d(m) = 2*m - 120. Let w(h) = h - 41. Let p(i) = 4*d(i) - 11*w(i). Let v be p(-8). Let t(j) = j**2 + 2*j - 4. Determine t(v).
11
Let j(t) be the third derivative of 7*t**4/24 - t**3/3 - 419*t**2. Determine j(5).
33
Let q(w) = w**3 + 2*w**2 - 3*w - 3. Suppose 2*f - 5*l + 6*l = -38, 4*f - 5*l + 62 = 0. Let u be (6/f)/(3/18). Give q(u).
3
Suppose -4*h + d - 3 = -5*h, 3*h - d - 9 = 0. Suppose 17*r - 14 = h*r. Let m(x) = x - r - x - x - 3. Give m(-3).
-1
Suppose 152 = 4*f + 4*w, 71 = 2*f + w - 0*w. Suppose -8*h = -95 - f. Let d(n) = 7*n - h*n**2 + 13*n**2 + 5*n**2 - 3. Calculate d(-6).
27
Let i(q) = -q**3 + 7*q**2 - 2. Let d(w) = -21*w - 4 + 69 + 13 - 17*w + 81. Let g be d(4). What is i(g)?
-2
Let n(l) be the second derivative of l**4/12 - l**3/2 + 3*l**2/2 - l. Suppose 2*y + 52 - 159 = -c, -y - 2*c + 46 = 0. Let t be (y/(-100))/7*-5*5. What is n(t)?
1
Let h(c) = -4*c**2 - 23*c - 21. Let d be h(-5). Let w(z) = 8*z - 5*z - 1 + z - 3*z. Give w(d).
-7
Suppose -9*c - 11*w + 10*w - 17 = 0, 7 = -c + 5*w. Let i(x) = 4*x**2 - x + 2. Determine i(c).
20
Let d(z) be the first derivative of -4*z**2 - 47*z - 808. Give d(-5).
-7
Let r(i) = -4*i - 81. Suppose 0 = 5*g - 4*o + 142, -192*g + 186*g - 3*o - 108 = 0. Calculate r(g).
7
Let d = -6883 + 6864. Let l(w) = -4*w - 98. Calculate l(d).
-22
Let l(h) = -h + 7*h + 6*h + h**2 + 125 - 114. Let c be l(-1). Let x(t) = t + 15. Give x(c).
15
Suppose -3*c + 11 = -1. Let m = 1 + 3. Let f(j) = -8*j + m - 7*j + 13*j. Determine f(c).
-4
Let d(u) = 2*u**3 - 64*u**2 - 65*u - 15. Let t be d(33). Let h(m) = -29 - 17*m + m**2 + 44*m - 10*m - t*m. Give h(0).
-29
Let c(o) = o**3 - 7*o**2 + 7*o - 7. Let j(v) = -v**2 - 10*v + 22. Let y be j(-9). Suppose 0 = 31*b - 186 - y. Give c(b).
42
Let h(y) = 529*y - 6343. Let a be h(12). Let t = -5 + 6. Let r(z) = 3*z**2 + 6*z**3 - 7*z**3 + 4*z + z**2 - t. Calculate r(a).
-6
Let f = 460 + -382. Suppose f*y = -454 - 14. Let b(u) = -u - 10. Calculate b(y).
-4
Let f be (-20)/(-6)*(-9 + (-147)/(-14)). Suppose 2*t - j = 4, t + 20 = -t - f*j. Let w(y) = y**2 + y - 20. What is w(t)?
-20
Let g(t) = -t**3 + 3*t**2 - 2*t + 4. Let c be 0 + 135 + (34 - 34). Let q = c - 132. What is g(q)?
-2
Let j = -35 + 38. Let h(f) = -239 - 3*f + 241 + f**j - 6*f**2 - f. Give h(6).
-22
Let k(f) be the first derivative of f**4/4 + 16*f**3/3 - 25*f**2/2 - 29*f + 10664. What is k(-17)?
107
Let g(y) = -25*y**3 + 2345*y**2 - 2325*y**2 - 20*y**3 - 3 + 50*y**3. What is g(-4)?
-3
Let u(t) = -3*t**3 - 3*t + 3*t**2 + 4*t + 4*t**3. Suppose 5*s - 8 = -2*f, 1679*s - 30 = 1676*s - 4*f. Determine u(s).
2
Let u(q) be the third derivative of q**6/40 - 11*q**5/60 - 5*q**4/24 - q**3 - 2615*q**2. Calculate u(5).
69
Let u be (58/(-12))/((-502)/6024). Let f(r) = -9*r + 520. Determine f(u).
-2
Let d(t) be the third derivative of -t**6/120 - t**5/4 + t**4/2 - 7*t**3/3 + 1492*t**2. Give d(-16).
50
Suppose 3*i + 4*v = -35, -5*v + 32 = 4*i + 77. Let l be -1 - -7 - (0 - -4). Let r(a) = -a**l + 113 - 115 + 0*a**2 - 3*a. Give r(i).
-12
Let o(s) = -32*s**2 + 12*s + 19. Let n be o(-2). Let h = 130 + n. Let t(u) = -u**2 - 3*u + 4. What is t(h)?
4
Let u(y) be the first derivative of -2*y**3/3 + 20*y + 4. Let k = -2 - -4. Let c(i) = -i**2 + 10. Let s(w) = k*u(w) - 5*c(w). Give s(0).
-10
Let i(s) = -4*s**2 + 17*s + 2*s**2 - 3*s**2 - 11*s**2 + s**3 - 23. Suppose -4*g = -37 - 23. Let r be i(g). Let b(t) = -t - 7. Calculate b(r).
-14
Suppose -k = 11*k - 72. Let h(s) = 10 - k*s**2 + 3*s**3 - 2*s**3 - 119*s + 62*s + 53*s. Give h(7).
31
Let t(c) = -12*c + 315. Suppose 0 = -2*j + 5*o + 17, -699*j + 694*j + 4*o = -102. What is t(j)?
3
Let t(d) = 2*d**2 + 16*d - 19. Let o be t(-9). Let i be 7 + o + 2 + -1. Let l(b) = 7*b + 4*b**2 - i + 3*b - 3*b**2 - 3*b. What is l(-7)?
-7
Let l(a) = -a**3 + 175 - 55*a**2 - 28160*a + 14044*a + 14065*a. What is l(-54)?
13
Let j(q) be the third derivative of -q**6/120 - q**5/60 - q**4/24 - q**3/6 - 1260*q**2. Determine j(3).
-40
Let t(r) = 2*r - 2*r - 4*r - 2 - 3*r + 5*r. Suppose -x - x = f - 8, -4*f + 4 = x. Suppose 0 = 2*i + 4 - f. Determine t(i).
2
Let d(u) = 0*u + u**2 - 5*u + 5 - 2*u. Suppose -5*v = -2*m + 7, -3*m + 0*m + 30 = -v. Suppose 3*q - 4*n - m = 0, 0 = -5*q + 3*n + 13 + 9. Give d(q).
-5
Let b(q) = q**2 + 2*q - 6. Let z be b(-4). Let l = 18 - z. Let d be l/6*24/(-16). Let r(h) = -4*h - 4. Calculate r(d).
12
Let g be 76/10 - (-6)/15. Let p(y) = -1315*y - 1371*y + 11 + 2685*y. Calculate p(g).
3
Let b(i) = -369*i**2 - 16*i - 14. Let m(t) = -461*t**2 - 15*t - 15. Let h(r) = 5*b(r) - 4*m(r). What is h(-25)?
-135
Suppose 4*d = 2*u + 22, -281*d = -277*d + 3*u - 67. Let w(r) = -23*r + 212. What is w(d)?
-18
Let z be 4/4*(-1106)/(-14). Suppose -5*r - 20 = -2*v, -z*v = -3*r - 75*v - 26. Let m(k) = -k**3 - 4*k**2 + k. Calculate m(r).
-10
Let p(f) = 19*f - 4069 + 8154 - f**2 + 2*f - 4077. Give p(12).
116
Let n(g) be the third derivative of g**5/40 - 7*g**4/24 + 35*g**3/6 - 27*g**2. Let i(f) be the first derivative of n(f). Suppose -3*c + 9 = -6. What is i(c)?
8
Suppose -8*z = -28*z. Suppose z = 3*s - 2*s + 3. Let b(q) = q**3 + 8*q**2 + q - 4. Calculate b(s).
38
Let x(z) be the first derivative of z**4/4 + 8*z**3/3 + 4*z**2 - 4*z + 94. Let l be ((-7)/(-1) - 13) + (-1 - 0). Calculate x(l).
-11
Let b = -376 - -380. Let y(o) = o**3 - 5*o**2 - o + 6. Let v(m) = 2*m**3 - 10*m**2 - m + 11. Let h(d) = -3*v(d) + 5*y(d). Determine h(b).
5
Let q be 1310/524 + 5/((-20)/(-6)). Let h(v) = -3*v**3 + 3*v**2 + 5*v - 5. Give h(q).
-129
Let k = 1059 - 1061. Let o(a) = -17 + 0*a + 13 + 5 - a. What is o(k)?
3
Let m = -63 - -66. Suppose m*o + o + 28 = 0. Let x(u) be the third derivative of -u**6/120 - 7*u**5/60 + 5*u**3/6 + 3*u**2 - 2*u. Calculate x(o).
5
Suppose -g + 35 = -22. Let z = -65 + g. Let v(i) be the second derivative of -i**4/12 - 4*i**3/3 + 2*i**2 - i. What is v(z)?
4
Let h(z) = 33*z**3 + 3*z**2 - 6*z + 25. Let n be h(11). Let d(j) = -n - 6*j + 44245. Give d(2).
-12
Let b be 2/7 + (214/5)/((-3094)/1105). Let t(l) = -l**2 - 13*l + 41. Calculate t(b).
11
Let n(k) = 38*k - 8. Let p be n(2). Let o = p - 66. Let t(f) = 14*f + 8 - 7*f**o - 22*f - f**3 + 10*f. Give t(-7).
-6
Suppose 0 = -5*y - f - 357 + 364, -5*f - 15 = 0. Let j(t) = -3 + 3*t - 3*t - t**2 + 2*t. Give j(y).
-3
Let o(l) = 21*l + 19. Let k(p) = 158*p + 154. Let h(t) = 6*k(t) - 46*o(t). Determine h(4).
-22
Let u(l) be the third derivative of -l**6/120 + 13*l**5/60 - l**4/24 - 19*l**3/6 - 8027*l**2. Calculate u(13).
-32
Suppose 0 = 17*p - 317 - 941. Suppose -9*u = -29 + p. Let s(a) = a + 12. What is s(u)?
7
Suppose q = -5*r - 0*q + 48, q - 8 = -r. Let y(s) = 33*s**3 - 5*s**2 - 15*s**3 - r*s**3 - 9*s**3 - 3. What is y(-3)?
-21
Let f(p) = -2*p - 73. Let t(n) = 3*n + 62. Let z(s) = 3*f(s) + 4*t(s). What is z(-4)?
5
Let g(q) = -q - 9. Let z be (-124)/(-3) + (-28)/84. Suppose 5*t - z = -66. Calculate g(t).
-4
Let q = -4 + 11. Let l(c) = 2*c + 5. Let m(o) = -3*o - 11. Suppose 2*p + 6 = -2*z, -3*z = 2*p - 3*p + 25. Let f(u) = z*l(u) - 4*m(u). Calculate f(q).
-5
Suppose 0 = -2*g + 3*g + 3*d - 7, 0 = 3*g + 4*d - 31. Let a(u)